{"id":18058,"date":"2022-02-21T22:16:00","date_gmt":"2022-02-22T03:16:00","guid":{"rendered":"https:\/\/x-fit.ca\/our-covid-measures\/"},"modified":"2022-03-23T03:54:26","modified_gmt":"2022-03-23T07:54:26","slug":"nos-mesures-contre-la-covid-19","status":"publish","type":"page","link":"https:\/\/x-fit.ca\/fr\/nos-mesures-contre-la-covid-19\/","title":{"rendered":"Nos mesures contre la COVID-19"},"content":{"rendered":"<p>[et_pb_section fb_built=\u00a0\u00bb1&Prime; _builder_version=\u00a0\u00bb4.15&Prime; _module_preset=\u00a0\u00bbdefault\u00a0\u00bb custom_padding=\u00a0\u00bb2em||||false|false\u00a0\u00bb global_colors_info=\u00a0\u00bb{}\u00a0\u00bb][et_pb_row _builder_version=\u00a0\u00bb4.15&Prime; _module_preset=\u00a0\u00bbdefault\u00a0\u00bb custom_padding=\u00a0\u00bb||1em||false|false\u00a0\u00bb global_colors_info=\u00a0\u00bb{}\u00a0\u00bb][et_pb_column type=\u00a0\u00bb4_4&Prime; _builder_version=\u00a0\u00bb4.15&Prime; _module_preset=\u00a0\u00bbdefault\u00a0\u00bb global_colors_info=\u00a0\u00bb{}\u00a0\u00bb][et_pb_text _builder_version=\u00a0\u00bb4.15&Prime; _module_preset=\u00a0\u00bbdefault\u00a0\u00bb global_colors_info=\u00a0\u00bb{}\u00a0\u00bb]<\/p>\n<h1>Nos mesures contre la COVID-19<\/h1>\n<p>[\/et_pb_text][\/et_pb_column][\/et_pb_row][et_pb_row module_class=\u00a0\u00bbuldecal\u00a0\u00bb _builder_version=\u00a0\u00bb4.15&Prime; _module_preset=\u00a0\u00bbdefault\u00a0\u00bb custom_padding=\u00a0\u00bb0px||||false|false\u00a0\u00bb global_colors_info=\u00a0\u00bb{}\u00a0\u00bb][et_pb_column type=\u00a0\u00bb4_4&Prime; _builder_version=\u00a0\u00bb4.15&Prime; _module_preset=\u00a0\u00bbdefault\u00a0\u00bb global_colors_info=\u00a0\u00bb{}\u00a0\u00bb][et_pb_text module_class=\u00a0\u00bbuldecal\u00a0\u00bb _builder_version=\u00a0\u00bb4.15&Prime; _module_preset=\u00a0\u00bbdefault\u00a0\u00bb custom_padding=\u00a0\u00bb1em||||false|false\u00a0\u00bb global_colors_info=\u00a0\u00bb{}\u00a0\u00bb]<\/p>\n<p>Nous sommes heureux de pouvoir \u00e0 nouveau vous accueillir de fa\u00e7on s\u00e9curitaire \u00e0 notre studio. Nous avons h\u00e2te de vous revoir et de vous offrir un super entra\u00eenement.<\/p>\n<p>Puisque la sant\u00e9 de nos clients est au coeur de nos priorit\u00e9s, pour le moment, seules les s\u00e9ances d&rsquo;entra\u00eenement priv\u00e9es et semi-priv\u00e9es sont offertes:<\/p>\n<ul>\n<li>En solo<\/li>\n<li>2 personnes r\u00e9sidant \u00e0 des adresses diff\u00e9rentes ou ne faisant pas partie de la m\u00eame bulle<\/li>\n<li>Les membres d&rsquo;une m\u00eame bulle familiale peuvent \u00eatre plus de 2<\/li>\n<\/ul>\n<p>Une de nos pr\u00e9occupations principales est de nous assurer d\u2019avoir suffisamment de distance entre chaque athl\u00e8te.<\/p>\n<p>Pour cette raison, un maximum de 7 personnes sera permis dans la zone d\u2019entra\u00eenement, ce qui donnera amplement d\u2019espace \u00e0 tous.<\/p>\n<p>Nous scannerons le code QR de votre passeport vaccinal \u00e0 votre entr\u00e9e.<\/p>\n<p>Les masques sont optionnels durant votre entra\u00eenement. Vous devrez toutefois porter un masque \u00e0 tout autre moment durant votre visite.<\/p>\n<p>Veuillez arriver en portant vos v\u00eatements d\u2019entra\u00eenement en plus d\u2019apporter une serviette et une bouteille d\u2019eau. Nous devons restreindre l\u2019acc\u00e8s aux vestiaires pour le moment.<\/p>\n<p>N\u2019h\u00e9sitez pas \u00e0 nous appeler ou \u00e0 nous \u00e9crire si vous avez des questions.<\/p>\n<p>L\u2019\u00e9quipe de X-Fit est heureuse de vous revoir!<\/p>\n<p>[\/et_pb_text][\/et_pb_column][\/et_pb_row][\/et_pb_section]<\/p>\n","protected":false},"excerpt":{"rendered":"<p>Nos mesures contre la COVID-19Nous sommes heureux de pouvoir \u00e0 nouveau vous accueillir de fa\u00e7on s\u00e9curitaire \u00e0 notre studio. Nous avons h\u00e2te de vous revoir et de vous offrir un [&hellip;]<\/p>\n","protected":false},"author":1,"featured_media":0,"parent":0,"menu_order":0,"comment_status":"closed","ping_status":"closed","template":"","meta":{"_et_pb_use_builder":"on","_et_pb_old_content":"","_et_gb_content_width":"","footnotes":""},"class_list":["post-18058","page","type-page","status-publish","hentry"],"yoast_head":"<!-- This site is optimized with the Yoast SEO Premium plugin v28.3 (Yoast SEO v28.3) - https:\/\/yoast.com\/product\/yoast-seo-premium-wordpress\/ -->\n<title>Nos mesures contre la COVID-19 - X-Fit Saint-Laurent<\/title>\n<meta name=\"description\" content=\"Puisque la sant\u00e9 de nos clients est au coeur de nos priorit\u00e9s, pour le moment, seules les s\u00e9ances d&#039;entra\u00eenement priv\u00e9es et semi-priv\u00e9es sont offertes\" \/>\n<meta name=\"robots\" content=\"index, follow, max-snippet:-1, max-image-preview:large, max-video-preview:-1\" \/>\n<link rel=\"canonical\" href=\"https:\/\/x-fit.ca\/fr\/nos-mesures-contre-la-covid-19\/\" \/>\n<meta property=\"og:locale\" content=\"fr_FR\" \/>\n<meta property=\"og:type\" content=\"article\" \/>\n<meta property=\"og:title\" content=\"Nos mesures contre la COVID-19\" \/>\n<meta property=\"og:description\" content=\"Puisque la sant\u00e9 de nos clients est au coeur de nos priorit\u00e9s, pour le moment, seules les s\u00e9ances d&#039;entra\u00eenement priv\u00e9es et semi-priv\u00e9es sont offertes\" \/>\n<meta property=\"og:url\" content=\"https:\/\/x-fit.ca\/fr\/nos-mesures-contre-la-covid-19\/\" \/>\n<meta property=\"og:site_name\" content=\"X-Fit Saint-Laurent\" \/>\n<meta property=\"article:publisher\" content=\"https:\/\/www.facebook.com\/X.Fit.St.Laurent\/\" \/>\n<meta property=\"article:modified_time\" content=\"2022-03-23T07:54:26+00:00\" \/>\n<meta property=\"og:image\" content=\"https:\/\/x-fit.ca\/wp-content\/uploads\/2016\/01\/PLD7-1-scaled.jpg\" \/>\n\t<meta property=\"og:image:width\" content=\"2560\" \/>\n\t<meta property=\"og:image:height\" content=\"1341\" \/>\n\t<meta property=\"og:image:type\" content=\"image\/jpeg\" \/>\n<meta name=\"twitter:card\" content=\"summary_large_image\" \/>\n<meta name=\"twitter:label1\" content=\"Dur\u00e9e de lecture estim\u00e9e\" \/>\n\t<meta name=\"twitter:data1\" content=\"2 minutes\" \/>\n<!-- \/ Yoast SEO Premium plugin. -->","yoast_head_json":{"title":"Nos mesures contre la COVID-19 - X-Fit Saint-Laurent","description":"Puisque la sant\u00e9 de nos clients est au coeur de nos priorit\u00e9s, pour le moment, seules les s\u00e9ances d'entra\u00eenement priv\u00e9es et semi-priv\u00e9es sont offertes","robots":{"index":"index","follow":"follow","max-snippet":"max-snippet:-1","max-image-preview":"max-image-preview:large","max-video-preview":"max-video-preview:-1"},"canonical":"https:\/\/x-fit.ca\/fr\/nos-mesures-contre-la-covid-19\/","og_locale":"fr_FR","og_type":"article","og_title":"Nos mesures contre la COVID-19","og_description":"Puisque la sant\u00e9 de nos clients est au coeur de nos priorit\u00e9s, pour le moment, seules les s\u00e9ances d'entra\u00eenement priv\u00e9es et semi-priv\u00e9es sont offertes","og_url":"https:\/\/x-fit.ca\/fr\/nos-mesures-contre-la-covid-19\/","og_site_name":"X-Fit Saint-Laurent","article_publisher":"https:\/\/www.facebook.com\/X.Fit.St.Laurent\/","article_modified_time":"2022-03-23T07:54:26+00:00","og_image":[{"width":2560,"height":1341,"url":"https:\/\/x-fit.ca\/wp-content\/uploads\/2016\/01\/PLD7-1-scaled.jpg","type":"image\/jpeg"}],"twitter_card":"summary_large_image","twitter_misc":{"Dur\u00e9e de lecture estim\u00e9e":"2 minutes"},"schema":{"@context":"https:\/\/schema.org","@graph":[{"@type":"WebPage","@id":"https:\/\/x-fit.ca\/fr\/nos-mesures-contre-la-covid-19\/","url":"https:\/\/x-fit.ca\/fr\/nos-mesures-contre-la-covid-19\/","name":"Nos mesures contre la COVID-19 - X-Fit Saint-Laurent","isPartOf":{"@id":"https:\/\/x-fit.ca\/fr\/#website"},"datePublished":"2022-02-22T03:16:00+00:00","dateModified":"2022-03-23T07:54:26+00:00","description":"Puisque la sant\u00e9 de nos clients est au coeur de nos priorit\u00e9s, pour le moment, seules les s\u00e9ances d'entra\u00eenement priv\u00e9es et semi-priv\u00e9es sont offertes","breadcrumb":{"@id":"https:\/\/x-fit.ca\/fr\/nos-mesures-contre-la-covid-19\/#breadcrumb"},"inLanguage":"fr-FR","potentialAction":[{"@type":"ReadAction","target":["https:\/\/x-fit.ca\/fr\/nos-mesures-contre-la-covid-19\/"]}]},{"@type":"BreadcrumbList","@id":"https:\/\/x-fit.ca\/fr\/nos-mesures-contre-la-covid-19\/#breadcrumb","itemListElement":[{"@type":"ListItem","position":1,"name":"Home","item":"https:\/\/x-fit.ca\/fr\/home\/"},{"@type":"ListItem","position":2,"name":"Nos mesures contre la COVID-19"}]},{"@type":"WebSite","@id":"https:\/\/x-fit.ca\/fr\/#website","url":"https:\/\/x-fit.ca\/fr\/","name":"X-Fit Saint-Laurent","description":"Be in the best shape of your life","publisher":{"@id":"https:\/\/x-fit.ca\/fr\/#organization"},"potentialAction":[{"@type":"SearchAction","target":{"@type":"EntryPoint","urlTemplate":"https:\/\/x-fit.ca\/fr\/?s={search_term_string}"},"query-input":{"@type":"PropertyValueSpecification","valueRequired":true,"valueName":"search_term_string"}}],"inLanguage":"fr-FR"},{"@type":"Organization","@id":"https:\/\/x-fit.ca\/fr\/#organization","name":"X-Fit Saint-Laurent","url":"https:\/\/x-fit.ca\/fr\/","logo":{"@type":"ImageObject","inLanguage":"fr-FR","@id":"https:\/\/x-fit.ca\/fr\/#\/schema\/logo\/image\/","url":"https:\/\/x-fit.ca\/wp-content\/uploads\/2016\/01\/xfit-2017_2x.jpg","contentUrl":"https:\/\/x-fit.ca\/wp-content\/uploads\/2016\/01\/xfit-2017_2x.jpg","width":376,"height":150,"caption":"X-Fit Saint-Laurent"},"image":{"@id":"https:\/\/x-fit.ca\/fr\/#\/schema\/logo\/image\/"},"sameAs":["https:\/\/www.facebook.com\/X.Fit.St.Laurent\/","https:\/\/www.instagram.com\/xfit_stlaurent\/"]}]}},"_links":{"self":[{"href":"https:\/\/x-fit.ca\/fr\/wp-json\/wp\/v2\/pages\/18058","targetHints":{"allow":["GET"]}}],"collection":[{"href":"https:\/\/x-fit.ca\/fr\/wp-json\/wp\/v2\/pages"}],"about":[{"href":"https:\/\/x-fit.ca\/fr\/wp-json\/wp\/v2\/types\/page"}],"author":[{"embeddable":true,"href":"https:\/\/x-fit.ca\/fr\/wp-json\/wp\/v2\/users\/1"}],"replies":[{"embeddable":true,"href":"https:\/\/x-fit.ca\/fr\/wp-json\/wp\/v2\/comments?post=18058"}],"version-history":[{"count":0,"href":"https:\/\/x-fit.ca\/fr\/wp-json\/wp\/v2\/pages\/18058\/revisions"}],"wp:attachment":[{"href":"https:\/\/x-fit.ca\/fr\/wp-json\/wp\/v2\/media?parent=18058"}],"curies":[{"name":"wp","href":"https:\/\/api.w.org\/{rel}","templated":true}]}}

<p>[et_pb_section fb_built= »1&Prime; _builder_version= »4.15&Prime; _module_preset= »default » custom_padding= »2em||||false|false » global_colors_info= »{} »][et_pb_row _builder_version= »4.15&Prime; _module_preset= »default » custom_padding= »||1em||false|false » global_colors_info= »{} »][et_pb_column type= »4_4&Prime; _builder_version= »4.15&Prime; _module_preset= »default » global_colors_info= »{} »][et_pb_text _builder_version= »4.15&Prime; _module_preset= »default » global_colors_info= »{} »]</p>
<h1>Nos mesures contre la COVID-19</h1>
<p>[/et_pb_text][/et_pb_column][/et_pb_row][et_pb_row module_class= »uldecal » _builder_version= »4.15&Prime; _module_preset= »default » custom_padding= »0px||||false|false » global_colors_info= »{} »][et_pb_column type= »4_4&Prime; _builder_version= »4.15&Prime; _module_preset= »default » global_colors_info= »{} »][et_pb_text module_class= »uldecal » _builder_version= »4.15&Prime; _module_preset= »default » custom_padding= »1em||||false|false » global_colors_info= »{} »]</p>
<p>Nous sommes heureux de pouvoir à nouveau vous accueillir de façon sécuritaire à notre studio. Nous avons hâte de vous revoir et de vous offrir un super entraînement.</p>
<p>Puisque la santé de nos clients est au coeur de nos priorités, pour le moment, seules les séances d&rsquo;entraînement privées et semi-privées sont offertes:</p>
<ul>
<li>En solo</li>
<li>2 personnes résidant à des adresses différentes ou ne faisant pas partie de la même bulle</li>
<li>Les membres d&rsquo;une même bulle familiale peuvent être plus de 2</li>
</ul>
<p>Une de nos préoccupations principales est de nous assurer d’avoir suffisamment de distance entre chaque athlète.</p>
<p>Pour cette raison, un maximum de 7 personnes sera permis dans la zone d’entraînement, ce qui donnera amplement d’espace à tous.</p>
<p>Nous scannerons le code QR de votre passeport vaccinal à votre entrée.</p>
<p>Les masques sont optionnels durant votre entraînement. Vous devrez toutefois porter un masque à tout autre moment durant votre visite.</p>
<p>Veuillez arriver en portant vos vêtements d’entraînement en plus d’apporter une serviette et une bouteille d’eau. Nous devons restreindre l’accès aux vestiaires pour le moment.</p>
<p>N’hésitez pas à nous appeler ou à nous écrire si vous avez des questions.</p>
<p>L’équipe de X-Fit est heureuse de vous revoir!</p>
<p>[/et_pb_text][/et_pb_column][/et_pb_row][/et_pb_section]</p>

<p>Nos mesures contre la COVID-19Nous sommes heureux de pouvoir à nouveau vous accueillir de façon sécuritaire à notre studio. Nous avons hâte de vous revoir et de vous offrir un [&hellip;]</p>

<!-- This site is optimized with the Yoast SEO Premium plugin v28.3 (Yoast SEO v28.3) - https://yoast.com/product/yoast-seo-premium-wordpress/ -->
<title>Nos mesures contre la COVID-19 - X-Fit Saint-Laurent</title>
<meta name="description" content="Puisque la santé de nos clients est au coeur de nos priorités, pour le moment, seules les séances d&#039;entraînement privées et semi-privées sont offertes" />
<meta name="robots" content="index, follow, max-snippet:-1, max-image-preview:large, max-video-preview:-1" />
<link rel="canonical" href="https://x-fit.ca/fr/nos-mesures-contre-la-covid-19/" />
<meta property="og:locale" content="fr_FR" />
<meta property="og:type" content="article" />
<meta property="og:title" content="Nos mesures contre la COVID-19" />
<meta property="og:description" content="Puisque la santé de nos clients est au coeur de nos priorités, pour le moment, seules les séances d&#039;entraînement privées et semi-privées sont offertes" />
<meta property="og:url" content="https://x-fit.ca/fr/nos-mesures-contre-la-covid-19/" />
<meta property="og:site_name" content="X-Fit Saint-Laurent" />
<meta property="article:publisher" content="https://www.facebook.com/X.Fit.St.Laurent/" />
<meta property="article:modified_time" content="2022-03-23T07:54:26+00:00" />
<meta property="og:image" content="https://x-fit.ca/wp-content/uploads/2016/01/PLD7-1-scaled.jpg" />
	<meta property="og:image:width" content="2560" />
	<meta property="og:image:height" content="1341" />
	<meta property="og:image:type" content="image/jpeg" />
<meta name="twitter:card" content="summary_large_image" />
<meta name="twitter:label1" content="Durée de lecture estimée" />
	<meta name="twitter:data1" content="2 minutes" />
<!-- / Yoast SEO Premium plugin. -->

Puisque la santé de nos clients est au coeur de nos priorités, pour le moment, seules les séances d'entraînement privées et semi-privées sont offertes
